{"id":236,"date":"2017-12-21T13:14:50","date_gmt":"2017-12-21T12:14:50","guid":{"rendered":"http:\/\/asm44.org\/?page_id=236"},"modified":"2024-08-04T12:13:15","modified_gmt":"2024-08-04T10:13:15","slug":"demande-adhesion","status":"publish","type":"page","link":"https:\/\/asm44.org\/index.php\/demande-adhesion\/","title":{"rendered":"DEMANDE ADHESION"},"content":{"rendered":"\n<h2 class=\"wp-block-heading\"><strong>Formulaire adhesion \u00e0 l&rsquo;ASM<\/strong><\/h2>\n\n\n\n<div class=\"wp-block-group is-vertical is-layout-flex wp-container-core-group-is-layout-8cf370e7 wp-block-group-is-layout-flex\">\n<p><strong>vous pouvez r\u00e9gler votre adh\u00e9sion :<\/strong><\/p>\n\n\n\n<ul class=\"wp-block-list\">\n<li>Directement sur ce site via la plateforme Helloasso<\/li>\n<\/ul>\n\n\n\n<ul class=\"wp-block-list\">\n<li>Par virement ou par ch\u00e8que (voir d\u00e9tails dans formulaire \u00e0 t\u00e9l\u00e9charger).<\/li>\n<\/ul>\n<\/div>\n\n\n\n<p><strong><a class=\"maxbutton-9 maxbutton maxbutton-telecharger-ou-imprimer-le-bulletin-d-adhesion\" href=\"https:\/\/asm44.org\/wp-content\/uploads\/2025\/02\/Bulletin-cotisation-2025.docx\" download=\"\"><span class='mb-text'>T\u00e9l\u00e9charger ou imprimer le bulletin d&#039;adhesion<\/span><\/a><\/p>\n\n\n\n<div class=\"wp-block-group\"><div class=\"wp-block-group__inner-container is-layout-constrained wp-block-group-is-layout-constrained\">\n<p><strong>Je r\u00e8gle ma cotisation d\u2019un montant de 13 \u20ac  \u00e0 l\u2019ordre de l\u2019A.S.M.<\/strong><\/p>\n\n\n\n<p><strong>Ou<\/strong> <strong>Par ch\u00e8que 13 \u20ac par virement \u00e0 l&rsquo;ordre de ASM Adress\u00e9 \u00e0 Mr Claude LETERRIER Tr\u00e9sorier, 25 rue des Bougrenets 44210 PORNIC<\/strong><\/p>\n\n\n\n<p><\/p>\n<\/div><\/div>\n","protected":false},"excerpt":{"rendered":"<p>Formulaire adhesion \u00e0 l&rsquo;ASM vous pouvez r\u00e9gler votre adh\u00e9sion : Je r\u00e8gle ma cotisation d\u2019un montant de 13 \u20ac \u00e0 l\u2019ordre de l\u2019A.S.M. Ou Par ch\u00e8que 13 \u20ac par virement \u00e0 l&rsquo;ordre de ASM Adress\u00e9 \u00e0 Mr Claude LETERRIER Tr\u00e9sorier, &hellip; <a href=\"https:\/\/asm44.org\/index.php\/demande-adhesion\/\">Continuer la lecture <span class=\"meta-nav\">&rarr;<\/span><\/a><\/p>\n","protected":false},"author":1,"featured_media":0,"parent":0,"menu_order":0,"comment_status":"closed","ping_status":"closed","template":"onecolumn-page.php","meta":{"jetpack_post_was_ever_published":false,"footnotes":""},"class_list":["post-236","page","type-page","status-publish","hentry"],"jetpack_sharing_enabled":true,"jetpack_shortlink":"https:\/\/wp.me\/P9eCVh-3O","jetpack_likes_enabled":false,"jetpack-related-posts":[],"_links":{"self":[{"href":"https:\/\/asm44.org\/index.php\/wp-json\/wp\/v2\/pages\/236","targetHints":{"allow":["GET"]}}],"collection":[{"href":"https:\/\/asm44.org\/index.php\/wp-json\/wp\/v2\/pages"}],"about":[{"href":"https:\/\/asm44.org\/index.php\/wp-json\/wp\/v2\/types\/page"}],"author":[{"embeddable":true,"href":"https:\/\/asm44.org\/index.php\/wp-json\/wp\/v2\/users\/1"}],"replies":[{"embeddable":true,"href":"https:\/\/asm44.org\/index.php\/wp-json\/wp\/v2\/comments?post=236"}],"version-history":[{"count":41,"href":"https:\/\/asm44.org\/index.php\/wp-json\/wp\/v2\/pages\/236\/revisions"}],"predecessor-version":[{"id":3781,"href":"https:\/\/asm44.org\/index.php\/wp-json\/wp\/v2\/pages\/236\/revisions\/3781"}],"wp:attachment":[{"href":"https:\/\/asm44.org\/index.php\/wp-json\/wp\/v2\/media?parent=236"}],"curies":[{"name":"wp","href":"https:\/\/api.w.org\/{rel}","templated":true}]}}