{"id":2,"date":"2017-12-11T09:46:26","date_gmt":"2017-12-11T08:46:26","guid":{"rendered":"http:\/\/asm44.org\/?page_id=2"},"modified":"2020-05-12T10:09:07","modified_gmt":"2020-05-12T08:09:07","slug":"page-d-exemple","status":"publish","type":"page","link":"https:\/\/asm44.org\/","title":{"rendered":"ACCUEIL"},"content":{"rendered":"\t\t<div data-elementor-type=\"wp-page\" data-elementor-id=\"2\" class=\"elementor elementor-2\">\n\t\t\t\t\t\t<section class=\"elementor-section elementor-top-section elementor-element elementor-element-6d32157 elementor-section-boxed elementor-section-height-default elementor-section-height-default\" data-id=\"6d32157\" data-element_type=\"section\">\n\t\t\t\t\t\t<div class=\"elementor-container elementor-column-gap-default\">\n\t\t\t\t\t<div class=\"elementor-column elementor-col-100 elementor-top-column elementor-element elementor-element-6354aec\" data-id=\"6354aec\" data-element_type=\"column\">\n\t\t\t<div class=\"elementor-widget-wrap elementor-element-populated\">\n\t\t\t\t\t\t<div class=\"elementor-element elementor-element-6dc6e26 elementor-widget elementor-widget-heading\" data-id=\"6dc6e26\" data-element_type=\"widget\" data-widget_type=\"heading.default\">\n\t\t\t\t<div class=\"elementor-widget-container\">\n\t\t\t\t\t<h2 class=\"elementor-heading-title elementor-size-large\">Bienvenue sur le site de l'association <br>des Amis de Sainte-Marie sur mer<\/h2>\t\t\t\t<\/div>\n\t\t\t\t<\/div>\n\t\t\t\t\t<\/div>\n\t\t<\/div>\n\t\t\t\t\t<\/div>\n\t\t<\/section>\n\t\t\t\t<section class=\"elementor-section elementor-top-section elementor-element elementor-element-74c3b64 elementor-section-boxed elementor-section-height-default elementor-section-height-default\" data-id=\"74c3b64\" data-element_type=\"section\">\n\t\t\t\t\t\t<div class=\"elementor-container elementor-column-gap-default\">\n\t\t\t\t\t<div class=\"elementor-column elementor-col-50 elementor-top-column elementor-element elementor-element-f7702e2\" data-id=\"f7702e2\" data-element_type=\"column\">\n\t\t\t<div class=\"elementor-widget-wrap elementor-element-populated\">\n\t\t\t\t\t\t<div class=\"elementor-element elementor-element-38dce67 elementor-widget elementor-widget-image\" data-id=\"38dce67\" data-element_type=\"widget\" data-widget_type=\"image.default\">\n\t\t\t\t<div class=\"elementor-widget-container\">\n\t\t\t\t\t\t\t\t\t\t\t\t\t\t\t<img fetchpriority=\"high\" decoding=\"async\" data-attachment-id=\"218\" data-permalink=\"https:\/\/asm44.org\/clocher-2\/\" data-orig-file=\"https:\/\/i0.wp.com\/asm44.org\/wp-content\/uploads\/2017\/12\/clocher-1.jpg?fit=240%2C320&amp;ssl=1\" data-orig-size=\"240,320\" data-comments-opened=\"1\" data-image-meta=\"{&quot;aperture&quot;:&quot;0&quot;,&quot;credit&quot;:&quot;&quot;,&quot;camera&quot;:&quot;&quot;,&quot;caption&quot;:&quot;&quot;,&quot;created_timestamp&quot;:&quot;0&quot;,&quot;copyright&quot;:&quot;&quot;,&quot;focal_length&quot;:&quot;0&quot;,&quot;iso&quot;:&quot;0&quot;,&quot;shutter_speed&quot;:&quot;0&quot;,&quot;title&quot;:&quot;&quot;,&quot;orientation&quot;:&quot;0&quot;}\" data-image-title=\"clocher\" data-image-description=\"\" data-image-caption=\"\" data-medium-file=\"https:\/\/i0.wp.com\/asm44.org\/wp-content\/uploads\/2017\/12\/clocher-1.jpg?fit=225%2C300&amp;ssl=1\" data-large-file=\"https:\/\/i0.wp.com\/asm44.org\/wp-content\/uploads\/2017\/12\/clocher-1.jpg?fit=240%2C320&amp;ssl=1\" width=\"240\" height=\"320\" src=\"https:\/\/i0.wp.com\/asm44.org\/wp-content\/uploads\/2017\/12\/clocher-1.jpg?fit=240%2C320&amp;ssl=1\" class=\"attachment-medium_large size-medium_large wp-image-218\" alt=\"\" srcset=\"https:\/\/i0.wp.com\/asm44.org\/wp-content\/uploads\/2017\/12\/clocher-1.jpg?w=240&amp;ssl=1 240w, https:\/\/i0.wp.com\/asm44.org\/wp-content\/uploads\/2017\/12\/clocher-1.jpg?resize=225%2C300&amp;ssl=1 225w\" sizes=\"(max-width: 240px) 100vw, 240px\" data-attachment-id=\"218\" data-permalink=\"https:\/\/asm44.org\/clocher-2\/\" data-orig-file=\"https:\/\/i0.wp.com\/asm44.org\/wp-content\/uploads\/2017\/12\/clocher-1.jpg?fit=240%2C320&amp;ssl=1\" data-orig-size=\"240,320\" data-comments-opened=\"1\" data-image-meta=\"{&quot;aperture&quot;:&quot;0&quot;,&quot;credit&quot;:&quot;&quot;,&quot;camera&quot;:&quot;&quot;,&quot;caption&quot;:&quot;&quot;,&quot;created_timestamp&quot;:&quot;0&quot;,&quot;copyright&quot;:&quot;&quot;,&quot;focal_length&quot;:&quot;0&quot;,&quot;iso&quot;:&quot;0&quot;,&quot;shutter_speed&quot;:&quot;0&quot;,&quot;title&quot;:&quot;&quot;,&quot;orientation&quot;:&quot;0&quot;}\" data-image-title=\"clocher\" data-image-description=\"\" data-image-caption=\"\" data-medium-file=\"https:\/\/i0.wp.com\/asm44.org\/wp-content\/uploads\/2017\/12\/clocher-1.jpg?fit=225%2C300&amp;ssl=1\" data-large-file=\"https:\/\/i0.wp.com\/asm44.org\/wp-content\/uploads\/2017\/12\/clocher-1.jpg?fit=240%2C320&amp;ssl=1\" \/>\t\t\t\t\t\t\t\t\t\t\t\t\t\t\t<\/div>\n\t\t\t\t<\/div>\n\t\t\t\t\t<\/div>\n\t\t<\/div>\n\t\t\t\t<div class=\"elementor-column elementor-col-50 elementor-top-column elementor-element elementor-element-5e5296c\" data-id=\"5e5296c\" data-element_type=\"column\">\n\t\t\t<div class=\"elementor-widget-wrap elementor-element-populated\">\n\t\t\t\t\t\t<div class=\"elementor-element elementor-element-62b9717 elementor-widget elementor-widget-text-editor\" data-id=\"62b9717\" data-element_type=\"widget\" data-widget_type=\"text-editor.default\">\n\t\t\t\t<div class=\"elementor-widget-container\">\n\t\t\t\t\t\t\t\t\t<p>Bonjour aux SANMARITAINS, r\u00e9sidents \u00e0 l&rsquo;ann\u00e9e, saisonniers ou de passage, ce site vous est d\u00e9di\u00e9.<\/p><p>Notre Association a pour vocation de:<\/p><ul><li>Promouvoir l&rsquo;image de Sainte-Marie sur Mer,\u00a0<\/li><li>Favoriser les liens entre les r\u00e9sidents\u00a0<\/li><li>Soutenir les initiatives locales, culturelles ou \u00e9conomiques.<\/li><li>Organiser le dialogue entre les usagers et les pouvoirs locaux.n<\/li><\/ul>\t\t\t\t\t\t\t\t<\/div>\n\t\t\t\t<\/div>\n\t\t\t\t\t<\/div>\n\t\t<\/div>\n\t\t\t\t\t<\/div>\n\t\t<\/section>\n\t\t\t\t<section class=\"elementor-section elementor-top-section elementor-element elementor-element-efd39ab elementor-section-boxed elementor-section-height-default elementor-section-height-default\" data-id=\"efd39ab\" data-element_type=\"section\">\n\t\t\t\t\t\t<div class=\"elementor-container elementor-column-gap-default\">\n\t\t\t\t\t<div class=\"elementor-column elementor-col-100 elementor-top-column elementor-element elementor-element-0828fa4\" data-id=\"0828fa4\" data-element_type=\"column\">\n\t\t\t<div class=\"elementor-widget-wrap elementor-element-populated\">\n\t\t\t\t\t\t<div class=\"elementor-element elementor-element-84b7a14 elementor-widget elementor-widget-text-editor\" data-id=\"84b7a14\" data-element_type=\"widget\" data-widget_type=\"text-editor.default\">\n\t\t\t\t<div class=\"elementor-widget-container\">\n\t\t\t\t\t\t\t\t\t<p>N&rsquo;h\u00e9sitez pas \u00e0 nous faire part de vos observations, de vos suggestions et pourquoi pas, (si ce n&rsquo;est d\u00e9j\u00e0 fait), rejoindre l&rsquo;Association en en remplissant le formulaire de demande d&rsquo;adh\u00e9sion.<\/p>\n<p>Le Pr\u00e9sident de l&rsquo;ASM Jean Marc HAINIGUE<\/p>\t\t\t\t\t\t\t\t<\/div>\n\t\t\t\t<\/div>\n\t\t\t\t\t<\/div>\n\t\t<\/div>\n\t\t\t\t\t<\/div>\n\t\t<\/section>\n\t\t\t\t<\/div>\n\t\t","protected":false},"excerpt":{"rendered":"<p>Bienvenue sur le site de l&rsquo;association des Amis de Sainte-Marie sur mer Bonjour aux SANMARITAINS, r\u00e9sidents \u00e0 l&rsquo;ann\u00e9e, saisonniers ou de passage, ce site vous est d\u00e9di\u00e9. Notre Association a pour vocation de: Promouvoir l&rsquo;image de Sainte-Marie sur Mer,\u00a0 Favoriser &hellip; <a href=\"https:\/\/asm44.org\/\">Continuer la lecture <span class=\"meta-nav\">&rarr;<\/span><\/a><\/p>\n","protected":false},"author":1,"featured_media":0,"parent":0,"menu_order":0,"comment_status":"closed","ping_status":"open","template":"","meta":{"jetpack_post_was_ever_published":false,"footnotes":""},"class_list":["post-2","page","type-page","status-publish","hentry"],"jetpack_sharing_enabled":true,"jetpack_shortlink":"https:\/\/wp.me\/P9eCVh-2","jetpack_likes_enabled":false,"jetpack-related-posts":[],"_links":{"self":[{"href":"https:\/\/asm44.org\/index.php\/wp-json\/wp\/v2\/pages\/2","targetHints":{"allow":["GET"]}}],"collection":[{"href":"https:\/\/asm44.org\/index.php\/wp-json\/wp\/v2\/pages"}],"about":[{"href":"https:\/\/asm44.org\/index.php\/wp-json\/wp\/v2\/types\/page"}],"author":[{"embeddable":true,"href":"https:\/\/asm44.org\/index.php\/wp-json\/wp\/v2\/users\/1"}],"replies":[{"embeddable":true,"href":"https:\/\/asm44.org\/index.php\/wp-json\/wp\/v2\/comments?post=2"}],"version-history":[{"count":32,"href":"https:\/\/asm44.org\/index.php\/wp-json\/wp\/v2\/pages\/2\/revisions"}],"predecessor-version":[{"id":1029,"href":"https:\/\/asm44.org\/index.php\/wp-json\/wp\/v2\/pages\/2\/revisions\/1029"}],"wp:attachment":[{"href":"https:\/\/asm44.org\/index.php\/wp-json\/wp\/v2\/media?parent=2"}],"curies":[{"name":"wp","href":"https:\/\/api.w.org\/{rel}","templated":true}]}}